s.
61
Let f = 292 - 510. Let p = 322 + f. Let r = -22616 + 22632. Calculate the greatest common factor of r and p.
8
Let f be (62/(-2))/(0 + -1). Let j = 50 - f. Suppose 17*s - 19 = 16*s. What is the greatest common divisor of s and j?
19
Let f = 14524 - 14328. Let n(w) = 12*w**2 + 4. Let p be n(-3). What is the greatest common divisor of f and p?
28
Let j(b) = 89*b - 2376. Let u be j(28). What is the greatest common factor of 6844 and u?
116
Let p(k) = 3*k**2 + 26*k + 21. Let h be p(-8). Suppose s = 2*c + 6*s - 11, -44 = -h*c + 4*s. Calculate the highest common factor of 1 and c.
1
Let a = -4369 - -4425. What is the highest common divisor of a and 320?
8
Let l(o) = 10*o**2 - 79*o - 27. Let b be l(18). Suppose -603 = 22*q - b. Calculate the highest common divisor of q and 54.
54
Let x be 160/(21 + -5) - -2909. What is the greatest common divisor of x and 695?
139
Let v(b) = 992*b**3 - 16*b**2 + 38*b - 8. Let z be v(2). Calculate the highest common divisor of z and 20.
20
Let m be 11464/(-30) + ((-365)/75 - -5). Let p = -230 - m. What is the greatest common divisor of 16 and p?
8
Let r be (1/(-3) - 1387768/(-120)) + 50/(-125). Calculate the greatest common factor of r and 196.
196
Suppose -4*k - 768 = -12*k. Let r = -80 + k. Calculate the highest common factor of r and 32.
16
Let q = -399 + 407. Suppose 342 = q*p + 10*p. What is the highest common divisor of p and 304?
19
Suppose -40*d + 38*d = 278. Let k = d + 141. Calculate the greatest common divisor of 10 and k.
2
Suppose -5*d = 5*a - 5370, -4*a - 3*d + 1399 = -2903. What is the greatest common divisor of 120 and a?
120
Let x = 15 + -55. Let u = x + 42. Suppose 3*q + u*k - 51 = 0, -4*q - 3*k + 72 = k. What is the highest common divisor of q and 120?
15
Let y be (-38)/(-10) - 10/(-50) - 23. Let p = y - -31. Suppose 7*m = 3*m + 816. Calculate the greatest common divisor of p and m.
12
Let f be (((-15)/(-4))/(-3))/(285/(-3192)). Calculate the highest common factor of 236 and f.
2
Let l be ((-16)/(-10) - 2)/(-16*7/1120). Let g(v) = -2*v + 3. Let t be g(-3). Calculate the greatest common divisor of t and l.
1
Let o be 60/7*1*7. Suppose 3*z + 258 = 7*b - 5*b, 5*z = -70. Calculate the highest common divisor of b and o.
12
Let a = 57 + -27. Let i(u) = u**2 + 7*u - 10. Let p be i(-9). Suppose 0 = -3*h - p*h + 165. What is the highest common factor of h and a?
15
Suppose -3*w = -y + 20, -2*y = y + 4*w - 21. Let s(i) = -i**2 + 50*i. Let h be s(y). Calculate the greatest common divisor of 39 and h.
39
Let j be (-8)/(40/(-51)) + (-3)/15. What is the highest common divisor of j and 915?
5
Let r be ((-15455)/22 - 33)*68/(-2). What is the greatest common divisor of 17 and r?
17
Let t(o) = -o**3 - 14*o**2 - 15*o - 17. Let d be t(-13). Let m be (-72)/(-84) - (2 - 30/14). Let y = m + d. What is the greatest common factor of y and 10?
10
Suppose 2*n - 80 = 4*n - 2*s, 4*n + 145 = -s. Let k = n + 39. Suppose -k*q + 58 = -12. Calculate the greatest common divisor of q and 14.
7
Let t be -8*(36/8 - 5). Suppose 2*z - 3*z = 3*s - 21, -3*s = t*z - 129. Calculate the highest common factor of z and 48.
12
Suppose -69*x + 1125 + 9134 = -6508. Calculate the greatest common divisor of x and 4455.
81
Let g be 1/(-2) - 9/6. Let b(a) = -3*a**3 + a - 2. Let j be b(g). Let n = -4682 + 4702. Calculate the highest common divisor of j and n.
20
Let k be (1/2)/((-2)/1192*2). Let u = k - -299. Let y be ((-10)/8)/((-3)/144). What is the greatest common divisor of y and u?
30
Let o be 3454/(-10) + (-38)/(-95). Let k = o + 355. Calculate the highest common divisor of k and 20.
10
Suppose -13*y = 12 + 92. Let a(g) be the third derivative of g**5/60 + g**4/6 - 23*g**3/6 + g**2. Let u be a(y). What is the highest common factor of 18 and u?
9
Let f(n) = 5*n**3 - 2*n**2 + 7*n - 91. Let o be f(7). Calculate the highest common divisor of o and 45.
45
Let w(r) = r**2 - 4*r - 9. Let s be w(-2). Let k(o) = -o**3 - 3*o**2 + o - 39. Let f be k(0). Let p = 63 + f. Calculate the highest common divisor of p and s.
3
Let m(r) = -r**3 + 6*r**2 + 8*r - 8. Let q be m(8). Let g be (-3)/15 - q/10. Let u be 46/207 + (-14)/(-18). What is the highest common divisor of u and g?
1
Let y = 118 - 68. Let s = y - 48. Let a be (-1040)/(-24)*(1 + s). Calculate the highest common divisor of a and 10.
10
Let p(q) be the second derivative of -5/4*q**4 + 10*q - 5/2*q**3 - 3*q**2 - 1/20*q**5 + 0. Let u be p(-14). What is the greatest common factor of 4 and u?
4
Let f(b) be the first derivative of -b**3/3 + 7*b**2 - 6*b + 88. Let o be f(12). What is the greatest common factor of 18 and o?
18
Let u be (-2)/(-3) - (5 - 4431/63). Calculate the highest common factor of 825 and u.
33
Let u(n) = 388*n + 7810. Let y be u(-20). What is the greatest common divisor of 160 and y?
10
Let m(o) = o**3 + 9*o**2 - 6. Let l be m(-9). Let u = -22 + l. Let s = u - -41. What is the greatest common factor of s and 104?
13
Suppose 8*s + 1303 = 2327. What is the highest common divisor of s and 240?
16
Suppose 4*c - 2*g - 6662 = 0, -5*c = 4*g - 6087 - 2221. What is the greatest common divisor of c and 72?
8
Let g = -3760 + 3775. Let j(k) be the second derivative of k**4/12 - 7*k**3/6 - 4*k**2 + 2*k. Let w be j(9). What is the greatest common divisor of w and g?
5
Let q(r) = r**2 + 8*r + 17. Let h be q(-10). Let l be (42 - 5) + 0/(-1 + -2). What is the greatest common factor of l and h?
37
Suppose -y - b = 4*b + 10, -5*b - 30 = -y. Suppose 2*v = -3*v - 150. Let o = 55 + v. Calculate the greatest common factor of o and y.
5
Let j be (54/(-3))/6*254/3. Let c = 590 + j. What is the greatest common divisor of 21 and c?
21
Let n(p) = 1312*p - 115. Let t be n(1). What is the greatest common divisor of 9 and t?
9
Let o be -3 + (9*2)/2. Let g = -15 - -20. Suppose 2*d - 5 = -5*w + 245, -5*w - g*d = -265. What is the greatest common divisor of o and w?
6
Suppose -5*m - 5*l - 6 + 1 = 0, 5*m = 3*l - 13. Let j be (-3 - m)*1 + 85. Let f = 4282 - 4226. What is the greatest common factor of f and j?
28
Suppose 0 = -4*y - 2*v - 23 + 91, -4*v + 46 = 2*y. Let p be ((-3)/6)/(2/20). Let t = p - -10. What is the highest common divisor of t and y?
5
Let j(s) = -10*s**3 + s + 2. Let p be j(-2). Suppose -32*c = -n - 33*c + 6, -3*c + 28 = 4*n. What is the highest common factor of n and p?
10
Let m(u) = u**3 + 4*u**2 - 15*u - 7. Let a be 6*(2 - (-3 + 5) - 1). Let z be m(a). What is the highest common factor of 33 and z?
11
Let l be (2/(-6))/((-1)/(-3)). Let u be (22/(-2))/(l/3). Suppose -9*r - 5*s = -10*r + 152, 0 = 4*r + 3*s - 516. Calculate the highest common factor of r and u.
33
Let d be (-58)/(4 - (-42)/(-12)). Let k = d + 140. Calculate the highest common divisor of k and 56.
8
Let q = -6998 + 7118. Calculate the greatest common factor of 3960 and q.
120
Suppose 196*d - 204*d + 3190 = -4298. Calculate the highest common divisor of d and 16.
8
Let l be (256/(-1024))/(2/(-232)). Suppose -4*n - 5*r = -1286, 3*n = -0*r + 4*r + 949. Calculate the greatest common divisor of n and l.
29
Let d be ((-15)/(-105))/(5 - 138/28). What is the greatest common divisor of 4036 and d?
2
Suppose 58614 = 3*l - 3*z, 75*l - 78*l - 5*z = -58598. Calculate the highest common divisor of l and 74.
74
Suppose -5*m + m = 5*i - 307, 5 = -5*i. Let a(l) = -16*l + 284. Let u be a(17). Calculate the greatest common divisor of m and u.
6
Suppose 2534191 = 77*h - 43*h + 67*h. Calculate the highest common divisor of 11 and h.
11
Let d = -66 + 402. Suppose 0 = 6*s + 2*s - d. Calculate the highest common divisor of s and 63.
21
Suppose -4*w + 4620 = 2648. Calculate the greatest common divisor of 203 and w.
29
Let j = 38 + -64. Let y = -12 - j. Let n(f) = -28*f + 224. Let i be n(6). What is the greatest common divisor of i and y?
14
Suppose 5*z - 10825 = -3*o + 8694, 3*o + z - 19487 = 0. What is the highest common factor of 43 and o?
43
Let x be (-235 - -238)/(11/((-1023)/270) + 3). What is the greatest common factor of x and 1271?
31
Let t be 7271/44 + 3 + -3 + (-1)/4. What is the highest common factor of t and 315?
15
Suppose -4*z = -5*o + 468, -z = z + 3*o + 256. Let p = 287 + z. What is the highest common divisor of 66 and p?
33
Suppose -3*w + 6*w - 2555 = -5*t, 847 = w + 4*t. Calculate the highest common divisor of 345 and w.
15
Suppose 0 = -2*